re the prime factors of s(-30)?
2, 3, 5, 13
Let w be (-2 - -2) + 20/10. Let c be (7/(-3) - 1)*-3. What are the prime factors of (24/10)/(w/c)?
2, 3
Let h be (-18)/45 - 66/(-15). Suppose -4*p = f - 1151, -1171 = -h*p + 3*f - 0*f. What are the prime factors of p?
17
Let l = 364 + -361. List the prime factors of l/5 - (-9 - (-3759)/(-35)).
3, 13
Suppose 5*t + 3*n = 92 - 33, -37 = -4*t + n. Let k(i) = -2*i + 98. What are the prime factors of k(t)?
2, 3, 13
Let a(l) = -6*l**2 + 4*l + 6. Let j be a(5). Let u = j - -358. What are the prime factors of u?
2, 3, 13
Let r(k) = 26*k + 18*k - 142*k + k - 104*k + 4. What are the prime factors of r(-4)?
2, 101
Let w be -7*3*(-9 - 50/(-6)). What are the prime factors of w/8 - (-23)/92?
2
Suppose 52826 = -a - 12*a + 423924. What are the prime factors of a?
2, 7, 2039
Suppose 7*g = 4*g + 3*w + 603, 0 = 5*g - 3*w - 1007. Suppose -11*n - g = -741. What are the prime factors of n?
7
Let v(c) = -573*c + 986. List the prime factors of v(-4).
2, 11, 149
What are the prime factors of 4744147/279 + -41 + 1/(-9)?
16963
Let c = -222 - -9788. List the prime factors of c.
2, 4783
Let g = 30750 + 2324. List the prime factors of g.
2, 23, 719
Let y(n) = 250*n**2 - 113*n - 220. What are the prime factors of y(12)?
2, 13, 331
Let g(l) = l**3 + 8*l**2 - 9*l. Let s be g(-8). Let a = s - -399. Suppose -2*n + a = 129. List the prime factors of n.
3, 19
Suppose 1297*n - 79552 = 1281*n. List the prime factors of n.
2, 11, 113
Suppose 5*v = 2*h - 9, -2*v + 16 = 2*h - 0*h. Suppose h*p - 137 - 801 = 0. What are the prime factors of p?
2, 67
Let b = 27215 - 10607. What are the prime factors of b?
2, 3, 173
Suppose 14 = 4*x + 2*j, 3*j = -4*x + 4*j + 11. Suppose -b + 0*q + 4*q = -319, -3*q = -x*b + 912. What are the prime factors of b?
13, 23
Let z(i) = i**3 + 3*i**2 - 7*i - 17. Let s be z(8). Let k = s - 342. List the prime factors of k.
17
Suppose -q - 4*b + 6 = 4*q, 5 = q - 3*b. Suppose 0 = -7*d + q*d + 2*y + 430, 0 = -2*d + y + 173. List the prime factors of d.
2, 3, 7
Let b = 62150 + -41952. What are the prime factors of b?
2, 10099
Let i = -95 - -97. Suppose o + i*p - 97 = 49, 0 = -p + 5. What are the prime factors of o?
2, 17
Suppose 5*p + 17 = -58. What are the prime factors of ((-19 + -2)*-2)/(p/(-70))?
2, 7
Let q = 16331 + -5577. What are the prime factors of q?
2, 19, 283
Suppose -63*c + 1145222 - 36151 - 134524 = 0. List the prime factors of c.
31, 499
Let f be (-2080)/20 - ((0 - 0) + 4). Let n = -93 - f. Suppose l + 105 = -4*p + 570, 0 = -5*l - n. List the prime factors of p.
3, 13
Suppose k - 5685 = -5*h - 2126, 4*h = -8. List the prime factors of k.
43, 83
Let j(v) = v**3 + 3*v. Let c be j(4). Suppose -o = -3*z, 2*z = -5*o + 14 + 3. Suppose -2*g = o*u - 558, 0 = u - g - 262 + c. What are the prime factors of u?
2, 3, 31
Suppose 18*w = 15*w + 1995. Suppose -9*m + 11*m - w = -5*y, 0 = -5*m + y + 1595. List the prime factors of m.
2, 5
What are the prime factors of (-3*13)/(264/275 - (-5)/(-5))?
3, 5, 13
Let h = 6570 + -4453. List the prime factors of h.
29, 73
What are the prime factors of 7874040/1080 - 4/(-18)?
23, 317
Let v be 23571 + 8/((-16)/6). Suppose 0 = -55*a + 39*a + v. What are the prime factors of a?
3, 491
What are the prime factors of 2*(-3 + -7 - -16930)?
2, 3, 5, 47
Suppose -127*l = -357448 + 102357 - 311329. List the prime factors of l.
2, 5, 223
Suppose -135*y - 3197130 = -214*y. What are the prime factors of y?
2, 3, 5, 19, 71
List the prime factors of ((-286)/(-14))/((-2)/(-862)) - (-4)/14.
3, 5, 587
Let b = 3655 + -1131. List the prime factors of b.
2, 631
Let u = -180 - 3. What are the prime factors of -2*u/(-12)*-2?
61
Suppose 3*d - 14 = -l, 4*d - 2*l = 3 - 1. Suppose -6 = -d*y - 12, -5*r + 4*y = -53. List the prime factors of r/((-45)/(-490))*3/2.
3, 7
Let j be 18/(-24)*-4*204. Suppose -j + 3277 = 5*y. What are the prime factors of y?
13, 41
Let o(t) = -t**3 + 5*t + 2. Let s be o(-2). Suppose 0 = 3*k - 4*y - s*y - 1171, -2*y = -k + 387. What are the prime factors of k?
397
Let s = 42977 + -20547. What are the prime factors of s?
2, 5, 2243
Let p(k) = k**3 + 19*k**2 + 20*k + 26. Let m be p(-18). List the prime factors of (324/m)/((-8)/60).
3
Suppose -47*c + 44*c - b = 10, 5*b = c + 14. Let u(l) be the second derivative of l**5/20 + 2*l**4/3 - l**3/2 + 9*l**2/2 + 2*l. List the prime factors of u(c).
5, 17
Suppose -27*t = -21*t. Suppose -3*v - 1 = 2*w, 4*v + t*v = -12. Suppose 5*b - 2*h = 733, 0 = -h - 0 - w. List the prime factors of b.
5, 29
Let v(a) = a**2 - 5*a + 6. Let l be v(4). Let r be l/(-9) - 4079/(-9). Suppose -r = -5*x - 2*o, -x + 4*o = 2*o - 81. List the prime factors of x.
89
Let b = -644 - -3984. List the prime factors of b.
2, 5, 167
Let p(v) = -105*v + 42. Let j = -79 - -75. Let s be p(j). Suppose -3*w - 4*d = -w - s, -5*w = 2*d - 1179. What are the prime factors of w?
3, 79
Suppose -3*r - r = -96. Let j be 56/r + (-1)/3. Suppose -2*c - 4*h + 58 = -44, 0 = 2*h - j. What are the prime factors of c?
7
Suppose -4*l - 2392 = 3*c - 13302, -4*l - 10894 = -3*c. List the prime factors of c.
2, 23, 79
Suppose -12*r = 1283 + 193. Let s = r - -132. What are the prime factors of 5 - s - 276/(-3 + 1)?
2, 67
Let p(x) = -x**3 - 28*x**2 + 49*x + 823. Let g be p(-29). Let q = -3 - 1. What are the prime factors of g + (q - 0) + -1?
2, 7, 17
Let v be 8/(-6)*(-5 + 2). Let c be -8 - (-1 + -8)*4. Suppose 2*n - 207 = -3*a - c, -v*a = -2*n + 200. List the prime factors of n.
2, 47
Let t(v) = v**3 - 6*v**2 + 12*v - 10. Let s be t(4). Let r(m) = 54*m + 27. List the prime factors of r(s).
3, 13
Let x = -5045 - -10707. What are the prime factors of x?
2, 19, 149
Let g = -995 + 23125. What are the prime factors of g?
2, 5, 2213
Let q be 2 - 160/70 - 10/14. List the prime factors of (20/1)/5 - 1491/q.
5, 13, 23
Let l(w) = 57*w**3 + 13*w**2 - 16*w + 146. What are the prime factors of l(6)?
2, 5, 1283
Suppose 4*c - 4 = -2*r, 4 = c + 4*r - 2*r. Suppose 450 + 1204 = 2*n + 2*q, c = 4*q - 12. What are the prime factors of n?
2, 103
Let a(v) = 3*v**2 + 2*v + 665. Let i(x) = x**2 - 6*x - 27. Let d be i(9). What are the prime factors of a(d)?
5, 7, 19
Let m(x) = 6*x**2 + 31*x - 1. Let c be ((-3)/(4 + -10))/((-4)/(-104)). What are the prime factors of m(c)?
2, 3, 59
Let m = -44011 + 65388. What are the prime factors of m?
21377
Suppose 312168 = -13*h + 19*h. List the prime factors of h.
2, 13007
Let j(d) = -d**2 - 3*d + 8. Let m = 58 - 62. Let t be j(m). List the prime factors of ((-693)/(-70) + 2/(-5))*t.
2, 19
Let f = 56 + -54. Let o = 5 - f. Suppose -2*c - 44 = -z - 0*c, o*z - 5*c - 134 = 0. What are the prime factors of z?
2, 3
Let f = 1085 + -278. Suppose -808*s + 46 = -f*s. List the prime factors of s.
2, 23
Let l = -8 + -7. Let n be l/2*(2/10 + -1). What are the prime factors of n/(-3) - ((3 - 6) + -14)?
3, 5
Let l be 7740/42 - ((-5)/7 - -1). Let z be l*28/18 - (-6)/(-27). Suppose 7*t - 57 = z. What are the prime factors of t?
7
Suppose -3*z + 5*b = 13, 18 = -9*z + 11*z + 2*b. Let m be -136*z*(-4)/(-32). Let f = m + 121. What are the prime factors of f?
53
Suppose 4 = l - 4*n - 2, n = -3*l + 44. Suppose 0 = -l*b + 9*b + 2895. Let c = 839 - b. What are the prime factors of c?
2, 5, 13
Let g(j) = -65*j - 355. Let z(h) = h**2 - 12*h - 206. Let q be z(-9). List the prime factors of g(q).
2, 3, 5
Let c = 24305 + -9819. What are the prime factors of c?
2, 7243
Let m = 1469 + -891. Suppose m = 3*p - 2518. What are the prime factors of p?
2, 3, 43
Let p be (5 + -1)*7/14. Suppose 0*s = p*s + 3*s. Suppose 2*l - 181 + 51 = s. What are the prime factors of l?
5, 13
List the prime factors of 22839/6*(-4 + -2 + -2 + 10).
23, 331
Let v = 389 - -11916. List the prime factors of v.
5, 23, 107
Suppose 4 = -2*q, 17 = -4*c + q + 39. Suppose 0 = -d - 2*t + 14 + 202, c*t + 838 = 4*d. What are the prime factors of d?
2, 53
Let p(n) = 331*n**2 - 107*n - 479. List the prime factors of p(-5).
3, 2777
List the prime factors of 142 - 148 - (6/3 + -10758).
2, 5, 43
Suppose 989 = g - 1189. Suppose 81*z - g = 75*z. What are the prime factors of z?
3, 11
Let l(d) = 2*d**3 + d**2 + 2*d + 264. Let a be 2/13 + 18/(-117). List the prime factors of l(a).
2, 3, 11
Let t(o) = -23*o**2 + 117*o - 2. Let i be t(5). Suppose 1550 = -5*c - 2*z + 6691, -4*z - i